{"id":1723,"date":"2016-09-21T13:30:44","date_gmt":"2016-09-21T11:30:44","guid":{"rendered":"https:\/\/www.maison-piloni.com\/?page_id=1723"},"modified":"2020-10-16T15:10:26","modified_gmt":"2020-10-16T13:10:26","slug":"chambre-marie","status":"publish","type":"page","link":"https:\/\/www.maison-piloni.com\/fr\/chambres\/chambre-marie\/","title":{"rendered":"Chambre \u00ab Marie \u00bb"},"content":{"rendered":"<p>La chambre \u00ab Marie \u00bb se situe au 1er \u00e9tage de la maison. Elle comprend un lit double et une salle de bain. La fen\u00eatre donne sur le jardin.<\/p>\n<h3>Equipements<\/h3>\n<div class=\"row okList\">\n<div class=\"large-4 medium-4 columns\"><i class=\"fa fa-check-circle-o\"><\/i> Adapt\u00e9e pour 2 personnes\u00a0<br \/>\n<i class=\"fa fa-check-circle-o\"><\/i> Salle de bain tout \u00e9quip\u00e9e<br \/>\n<i class=\"fa fa-check-circle-o\"><\/i> Lit double<\/div>\n<div class=\"large-4 medium-4 columns\">\n<i class=\"fa fa-check-circle-o\"><\/i> Serviettes<br \/>\n<i class=\"fa fa-check-circle-o\"><\/i> S\u00e8che-cheveux<br \/>\n<i class=\"fa fa-check-circle-o\"><\/i> Savon<\/div>\n<div class=\"large-4 medium-4 columns\"><i class=\"fa fa-check-circle-o\"><\/i> chauff\u00e9<br \/>\n<i class=\"fa fa-check-circle-o\"><\/i> Ventilateur <br \/>\n<i class=\"fa fa-check-circle-o\"><\/i> verrouillable<\/div>\n<\/div>\n<hr \/>\n<h3>Tarifs<\/h3>\n<table style=\"width: 100%;\">\n<thead>\n<tr>\n<td style=\"height: 24px; text-align: center;\">Basse saison<\/td>\n<td style=\"height: 24px; text-align: center;\">Haute saison<\/td>\n<td style=\"height: 24px; text-align: center;\">Pleine saison<\/td>\n<\/tr>\n<\/thead>\n<tbody>\n<tr>\n<td style=\"height: 24px; text-align: center;\">\u00a0(Octobre)<\/td>\n<td style=\"height: 24px; text-align: center;\">\u00a0(Avril-Juin \/ Septembre)<\/td>\n<td style=\"height: 24px; text-align: center;\">\u00a0(Juillet-Ao\u00fbt)<\/td>\n<\/tr>\n<tr>\n<td style=\"height: 24px; text-align: center;\"><strong>\u00a0 \u20ac 110<\/strong><\/td>\n<td style=\"height: 24px; text-align: center;\"><strong>\u00a0 \u20ac 130<\/strong><\/td>\n<td style=\"height: 24px; text-align: center;\"><strong>\u00a0 \u20ac 140<\/strong><\/td>\n<\/tr>\n<tr>\n<td style=\"text-align: right; height: 48.4375px;\" colspan=\"3\">Les tarifs indiqu\u00e9s sont pour une nuit, <a href=\"https:\/\/www.maison-piloni.com\/fr\/information\/petit-dejeuner\/\">petit d\u00e9jeuner<\/a> inclus.<br \/>\nSi vous occupez la chambre seul vous b\u00e9n\u00e9ficiez d\u2019une r\u00e9duction de 20\u20ac par nuit.<\/td>\n<\/tr>\n<tr>\n<td style=\"height: 24px; text-align: right;\" colspan=\"3\">\u00a0Nous vous proposons des r\u00e9ductions pour tout s\u00e9jour de plus de 6 nuits.<\/td>\n<\/tr>\n<\/tbody>\n<\/table>\n<p><strong><a class=\"button\" href=\"https:\/\/www.maison-piloni.com\/fr\/chambres\/reservation\/?source=Marie\"><i class=\"fa fa-bed\"><\/i> Demande de r\u00e9servation<\/a><\/strong><\/p>\n<div class=\"box\">\n<div id='gallery-1' class='gallery galleryid-1723 gallery-columns-3 gallery-size-medium'><figure class='gallery-item'>\n\t\t\t<div class='gallery-icon portrait'>\n\t\t\t\t<a href='https:\/\/www.maison-piloni.com\/wp-content\/uploads\/2016\/09\/DSC_0574.jpg'><img loading=\"lazy\" decoding=\"async\" width=\"169\" height=\"300\" src=\"https:\/\/www.maison-piloni.com\/wp-content\/uploads\/2016\/09\/DSC_0574-169x300.jpg\" class=\"attachment-medium size-medium\" alt=\"\" srcset=\"https:\/\/www.maison-piloni.com\/wp-content\/uploads\/2016\/09\/DSC_0574-169x300.jpg 169w, https:\/\/www.maison-piloni.com\/wp-content\/uploads\/2016\/09\/DSC_0574-250x444.jpg 250w, https:\/\/www.maison-piloni.com\/wp-content\/uploads\/2016\/09\/DSC_0574.jpg 576w\" sizes=\"auto, (max-width: 169px) 100vw, 169px\" \/><\/a>\n\t\t\t<\/div><\/figure><figure class='gallery-item'>\n\t\t\t<div class='gallery-icon landscape'>\n\t\t\t\t<a href='https:\/\/www.maison-piloni.com\/wp-content\/uploads\/2016\/09\/DSC_0585.jpg'><img loading=\"lazy\" decoding=\"async\" width=\"300\" height=\"169\" src=\"https:\/\/www.maison-piloni.com\/wp-content\/uploads\/2016\/09\/DSC_0585-300x169.jpg\" class=\"attachment-medium size-medium\" alt=\"\" srcset=\"https:\/\/www.maison-piloni.com\/wp-content\/uploads\/2016\/09\/DSC_0585-300x169.jpg 300w, https:\/\/www.maison-piloni.com\/wp-content\/uploads\/2016\/09\/DSC_0585-250x141.jpg 250w, https:\/\/www.maison-piloni.com\/wp-content\/uploads\/2016\/09\/DSC_0585-768x432.jpg 768w, https:\/\/www.maison-piloni.com\/wp-content\/uploads\/2016\/09\/DSC_0585-1024x576.jpg 1024w, https:\/\/www.maison-piloni.com\/wp-content\/uploads\/2016\/09\/DSC_0585.jpg 1280w\" sizes=\"auto, (max-width: 300px) 100vw, 300px\" \/><\/a>\n\t\t\t<\/div><\/figure><figure class='gallery-item'>\n\t\t\t<div class='gallery-icon portrait'>\n\t\t\t\t<a href='https:\/\/www.maison-piloni.com\/wp-content\/uploads\/2016\/09\/DSC_0568.jpg'><img loading=\"lazy\" decoding=\"async\" width=\"169\" height=\"300\" src=\"https:\/\/www.maison-piloni.com\/wp-content\/uploads\/2016\/09\/DSC_0568-169x300.jpg\" class=\"attachment-medium size-medium\" alt=\"\" srcset=\"https:\/\/www.maison-piloni.com\/wp-content\/uploads\/2016\/09\/DSC_0568-169x300.jpg 169w, https:\/\/www.maison-piloni.com\/wp-content\/uploads\/2016\/09\/DSC_0568-250x444.jpg 250w, https:\/\/www.maison-piloni.com\/wp-content\/uploads\/2016\/09\/DSC_0568.jpg 576w\" sizes=\"auto, (max-width: 169px) 100vw, 169px\" \/><\/a>\n\t\t\t<\/div><\/figure>\n\t\t<\/div>\n\n<\/div>\n","protected":false},"excerpt":{"rendered":"<p>La chambre \u00ab Marie \u00bb se situe au 1er \u00e9tage de la maison. Elle comprend un lit double et une salle de bain. La fen\u00eatre donne sur le jardin. Equipements Adapt\u00e9e pour 2 personnes\u00a0 Salle de bain tout \u00e9quip\u00e9e Lit double Serviettes S\u00e8che-cheveux Savon chauff\u00e9 Ventilateur verrouillable Tarifs Basse saison Haute saison Pleine saison \u00a0(Octobre)&#8230;<\/p>\n","protected":false},"author":1,"featured_media":0,"parent":1715,"menu_order":0,"comment_status":"closed","ping_status":"closed","template":"template-sidebar-bottom.php","meta":{"_acf_changed":false,"footnotes":""},"class_list":["post-1723","page","type-page","status-publish","hentry"],"acf":[],"_links":{"self":[{"href":"https:\/\/www.maison-piloni.com\/fr\/wp-json\/wp\/v2\/pages\/1723\/"}],"collection":[{"href":"https:\/\/www.maison-piloni.com\/fr\/wp-json\/wp\/v2\/pages\/"}],"about":[{"href":"https:\/\/www.maison-piloni.com\/fr\/wp-json\/wp\/v2\/types\/page\/"}],"author":[{"embeddable":true,"href":"https:\/\/www.maison-piloni.com\/fr\/wp-json\/wp\/v2\/users\/1\/"}],"replies":[{"embeddable":true,"href":"https:\/\/www.maison-piloni.com\/fr\/wp-json\/wp\/v2\/comments\/?post=1723"}],"version-history":[{"count":18,"href":"https:\/\/www.maison-piloni.com\/fr\/wp-json\/wp\/v2\/pages\/1723\/revisions\/"}],"predecessor-version":[{"id":2630,"href":"https:\/\/www.maison-piloni.com\/fr\/wp-json\/wp\/v2\/pages\/1723\/revisions\/2630\/"}],"up":[{"embeddable":true,"href":"https:\/\/www.maison-piloni.com\/fr\/wp-json\/wp\/v2\/pages\/1715\/"}],"wp:attachment":[{"href":"https:\/\/www.maison-piloni.com\/fr\/wp-json\/wp\/v2\/media\/?parent=1723"}],"curies":[{"name":"wp","href":"https:\/\/api.w.org\/{rel}","templated":true}]}}

<p>La chambre « Marie » se situe au 1er étage de la maison. Elle comprend un lit double et une salle de bain. La fenêtre donne sur le jardin.</p>
<h3>Equipements</h3>
<div class="row okList">
<div class="large-4 medium-4 columns"><i class="fa fa-check-circle-o"></i> Adaptée pour 2 personnes <br />
<i class="fa fa-check-circle-o"></i> Salle de bain tout équipée<br />
<i class="fa fa-check-circle-o"></i> Lit double</div>
<div class="large-4 medium-4 columns">
<i class="fa fa-check-circle-o"></i> Serviettes<br />
<i class="fa fa-check-circle-o"></i> Sèche-cheveux<br />
<i class="fa fa-check-circle-o"></i> Savon</div>
<div class="large-4 medium-4 columns"><i class="fa fa-check-circle-o"></i> chauffé<br />
<i class="fa fa-check-circle-o"></i> Ventilateur <br />
<i class="fa fa-check-circle-o"></i> verrouillable</div>
</div>
<hr />
<h3>Tarifs</h3>
<table style="width: 100%;">
<thead>
<tr>
<td style="height: 24px; text-align: center;">Basse saison</td>
<td style="height: 24px; text-align: center;">Haute saison</td>
<td style="height: 24px; text-align: center;">Pleine saison</td>
</tr>
</thead>
<tbody>
<tr>
<td style="height: 24px; text-align: center;"> (Octobre)</td>
<td style="height: 24px; text-align: center;"> (Avril-Juin / Septembre)</td>
<td style="height: 24px; text-align: center;"> (Juillet-Août)</td>
</tr>
<tr>
<td style="height: 24px; text-align: center;"><strong>  € 110</strong></td>
<td style="height: 24px; text-align: center;"><strong>  € 130</strong></td>
<td style="height: 24px; text-align: center;"><strong>  € 140</strong></td>
</tr>
<tr>
<td style="text-align: right; height: 48.4375px;" colspan="3">Les tarifs indiqués sont pour une nuit, <a href="https://www.maison-piloni.com/fr/information/petit-dejeuner/">petit déjeuner</a> inclus.<br />
Si vous occupez la chambre seul vous bénéficiez d’une réduction de 20€ par nuit.</td>
</tr>
<tr>
<td style="height: 24px; text-align: right;" colspan="3"> Nous vous proposons des réductions pour tout séjour de plus de 6 nuits.</td>
</tr>
</tbody>
</table>
<p><strong><a class="button" href="https://www.maison-piloni.com/fr/chambres/reservation/?source=Marie"><i class="fa fa-bed"></i> Demande de réservation</a></strong></p>
<div class="box">
<div id='gallery-1' class='gallery galleryid-1723 gallery-columns-3 gallery-size-medium'><figure class='gallery-item'>
			<div class='gallery-icon portrait'>
				<a href='https://www.maison-piloni.com/wp-content/uploads/2016/09/DSC_0574.jpg'><img loading="lazy" decoding="async" width="169" height="300" src="https://www.maison-piloni.com/wp-content/uploads/2016/09/DSC_0574-169x300.jpg" class="attachment-medium size-medium" alt="" srcset="https://www.maison-piloni.com/wp-content/uploads/2016/09/DSC_0574-169x300.jpg 169w, https://www.maison-piloni.com/wp-content/uploads/2016/09/DSC_0574-250x444.jpg 250w, https://www.maison-piloni.com/wp-content/uploads/2016/09/DSC_0574.jpg 576w" sizes="auto, (max-width: 169px) 100vw, 169px" /></a>
			</div></figure><figure class='gallery-item'>
			<div class='gallery-icon landscape'>
				<a href='https://www.maison-piloni.com/wp-content/uploads/2016/09/DSC_0585.jpg'><img loading="lazy" decoding="async" width="300" height="169" src="https://www.maison-piloni.com/wp-content/uploads/2016/09/DSC_0585-300x169.jpg" class="attachment-medium size-medium" alt="" srcset="https://www.maison-piloni.com/wp-content/uploads/2016/09/DSC_0585-300x169.jpg 300w, https://www.maison-piloni.com/wp-content/uploads/2016/09/DSC_0585-250x141.jpg 250w, https://www.maison-piloni.com/wp-content/uploads/2016/09/DSC_0585-768x432.jpg 768w, https://www.maison-piloni.com/wp-content/uploads/2016/09/DSC_0585-1024x576.jpg 1024w, https://www.maison-piloni.com/wp-content/uploads/2016/09/DSC_0585.jpg 1280w" sizes="auto, (max-width: 300px) 100vw, 300px" /></a>
			</div></figure><figure class='gallery-item'>
			<div class='gallery-icon portrait'>
				<a href='https://www.maison-piloni.com/wp-content/uploads/2016/09/DSC_0568.jpg'><img loading="lazy" decoding="async" width="169" height="300" src="https://www.maison-piloni.com/wp-content/uploads/2016/09/DSC_0568-169x300.jpg" class="attachment-medium size-medium" alt="" srcset="https://www.maison-piloni.com/wp-content/uploads/2016/09/DSC_0568-169x300.jpg 169w, https://www.maison-piloni.com/wp-content/uploads/2016/09/DSC_0568-250x444.jpg 250w, https://www.maison-piloni.com/wp-content/uploads/2016/09/DSC_0568.jpg 576w" sizes="auto, (max-width: 169px) 100vw, 169px" /></a>
			</div></figure>
		</div>

</div>

<p>La chambre « Marie » se situe au 1er étage de la maison. Elle comprend un lit double et une salle de bain. La fenêtre donne sur le jardin. Equipements Adaptée pour 2 personnes  Salle de bain tout équipée Lit double Serviettes Sèche-cheveux Savon chauffé Ventilateur verrouillable Tarifs Basse saison Haute saison Pleine saison  (Octobre)&#8230;</p>
